prime factors of i?
2
Let c = -30 + 56. Suppose -1 = -w - 17. Let g = w + c. List the prime factors of g.
2, 5
Suppose -p + 9 = 2*p, -3*p = -5*n + 6. Suppose 8*r = n*r. Suppose 5*w + 8 - 43 = r. What are the prime factors of w?
7
Suppose -39*y + 44*y - 715 = 0. List the prime factors of y.
11, 13
Let u = -31 - -43. What are the prime factors of u?
2, 3
Let w be -24*(-3)/((-27)/(-3)). Suppose -40 = 4*k - w*k. List the prime factors of k.
2, 5
List the prime factors of ((-11)/3)/(-2*(-5)/(-660)).
2, 11
Suppose 5*w - 4*w - 97 = 0. What are the prime factors of w?
97
Suppose -6 = -3*t - 2*v + 1, 5*v + 2 = -t. Suppose 4*u = t*u. Suppose u = s - 8 - 3. List the prime factors of s.
11
Let a(h) = -h**3 + 19*h**2 - 12*h + 12. What are the prime factors of a(18)?
2, 3, 5
Suppose 5*w - 3 = 2. Let x be w*(-2 - -1) - 39. Let v = -20 - x. List the prime factors of v.
2, 5
Suppose 0 = -2*f - 4*p - 14, 2*p + 9 = -5*f + 5*p. List the prime factors of ((-22)/4)/(f/6).
11
Let y(c) be the first derivative of -8*c**3/3 - c**2 + c + 2. Let u be y(1). Let j = -1 - u. List the prime factors of j.
2
Suppose -d - 3 = -2*d. Suppose -4*y + d*x + 120 = 0, -4 - 108 = -4*y + x. What are the prime factors of y?
3
Let v = 253 - 159. List the prime factors of v.
2, 47
Let n(s) be the third derivative of s**6/120 - 2*s**5/15 + 5*s**4/12 - s**3/2 + 2*s**2. List the prime factors of n(7).
2, 3
Let o be (-1)/((-2)/((-24)/(-3))). Let f = o + 8. What are the prime factors of f?
2, 3
What are the prime factors of 2*5346/36*8/6?
2, 3, 11
Suppose 0 = -3*a - 15, 3*r - 3*a + 0*a = 39. Let o = r - -13. What are the prime factors of o?
3, 7
Suppose 0 = -y - y + 22. Let x = y - -6. What are the prime factors of x?
17
Suppose 0 = 3*x + 4*g + 4, -2*g - 2*g = x + 4. Suppose -5*f - 5*d - 15 = x, -2*f - 5*d - 2 = 7. List the prime factors of 2 + 2/f*-2.
2
Let y = 17 - 7. Suppose -7 = -2*u - d, -2*u + 4 = -3*u + 2*d. Suppose 0 = u*o - 0*o - y. What are the prime factors of o?
5
Suppose 13*f - 11*f = 240. What are the prime factors of f?
2, 3, 5
Suppose -2*u - 2*s - 20 = 2*u, s = -3*u - 16. Let z = 21 + -6. Let k = z + u. What are the prime factors of k?
3
Let f(n) = 31*n**2 - 2*n. List the prime factors of f(1).
29
Suppose -l - 2*l = -21. Suppose 2*b = l*b + 160. List the prime factors of 1/(2/(b/(-2))).
2
What are the prime factors of (-3)/7 - 366/(-21)?
17
Suppose -10 = -9*b + 4*b. Let l be ((-5)/3 - -1)*-3. Suppose 0 = h - 6*h - b*k + 9, 2*h + l*k = 0. What are the prime factors of h?
3
Let m(i) = 4*i + 16. What are the prime factors of m(6)?
2, 5
Let i(b) = 8*b + 7. Let s be i(3). Suppose -2*w = o - s, 3*o + 3*w = 137 - 35. What are the prime factors of o?
37
Let j(s) = -s**3 + 7*s**2 - 2*s + 9. Let r be j(7). Let p(x) = -x**2 - 8*x - 3. What are the prime factors of p(r)?
2, 3
Let c be 5/(-2) - 5/(-10). List the prime factors of 133/14 + c/4.
3
Let a(g) = -2*g**2 - 2*g - 1. Let q be a(-3). Let s(v) = v**2 - 7*v + 2. Let y be s(5). Let r = y - q. List the prime factors of r.
5
Let s be 1 + (1 - -2) + 0. Suppose t - s*t = -6. Suppose -t*o + 2 = -o. What are the prime factors of o?
2
Let w = -109 - -169. List the prime factors of w.
2, 3, 5
What are the prime factors of (20/(-8) - -2)*-38?
19
Let z = -37 + 128. List the prime factors of z.
7, 13
Let c = -9 + 12. Suppose 2*o = -2*q + 28, -3*q - 2*o - c*o + 42 = 0. List the prime factors of q.
2, 7
Suppose -10 = -3*s - 1. Let a = s - -10. What are the prime factors of a?
13
Suppose 0 = 3*n + 3*l + 6, -3*n - 3*l - 6 = -6*n. Suppose v + 2*v - 72 = n. Let p = v + -14. What are the prime factors of p?
2, 5
Suppose -32 = 4*m - 8. Let u(r) be the first derivative of r**4/4 + 5*r**3/3 - 4*r**2 - 5*r - 2. List the prime factors of u(m).
7
Suppose 3*f = -0*d - 2*d + 17, -2*d + 5 = -f. List the prime factors of d.
2
What are the prime factors of (-105)/(-10) + (-3)/6?
2, 5
List the prime factors of (-2)/(-9) + 520/9.
2, 29
Let h = -70 - -117. What are the prime factors of h?
47
Let t(b) = -b**3 + 12*b**2 - b + 17. List the prime factors of t(12).
5
Let i = 27 + -24. Let h = i - -2. List the prime factors of h.
5
Let v(s) = s**3 + 7*s**2 + 4*s. Let d be v(-3). Suppose -4*x = -m - d, -29 = -5*x + 3*m - 2*m. Suppose 4*h - 5*h = -x. What are the prime factors of h?
5
Let r(a) = 3*a**3 - 6*a**2 - 12*a. Let t(y) = -y**3 + 2*y**2 + 4*y. Suppose 2*w + 20 = -3*w. Let s(k) = w*r(k) - 11*t(k). List the prime factors of s(3).
3
What are the prime factors of (-123)/(-5) - 18/30?
2, 3
Let w be ((-5)/1*1)/(-1). Suppose 42 + 33 = 5*k + w*p, k = -3*p + 25. What are the prime factors of k?
2, 5
Let y(h) = h**2 - 7*h + 9. Let o be y(6). Suppose 40 = 7*f - o*f. What are the prime factors of f?
2, 5
Let w be (-1*(-2)/(-1))/2. Let t = w + 2. What are the prime factors of 2/(-1) - -5*t?
3
Let s = 19 + -40. Let y = s - -42. List the prime factors of y.
3, 7
Suppose -x - x + 8 = 0. Suppose -a - x = -14. What are the prime factors of a?
2, 5
Let w(i) = -i**3 - 8*i**2 + 9*i + 2. Let c = -14 + 5. Let u be w(c). Suppose u*g - 60 = -2*g. What are the prime factors of g?
3, 5
Let k(g) = -g + 18. Let o be k(15). Suppose -4*y = -o*n + 44, 0 = 2*n - y - 46 + 10. List the prime factors of n.
2, 5
Let d(t) = 2*t - 13. Suppose -3 = k - 16. List the prime factors of d(k).
13
Let n(m) = -36*m - 3. Let i be n(-3). List the prime factors of (4/(-14))/((-5)/i).
2, 3
Let k(o) = 18*o**2 + 12*o**2 - 17 - 23*o**2 + 5*o - o**3. List the prime factors of k(7).
2, 3
Suppose 369 = 3*d + 126. What are the prime factors of d?
3
Suppose 3*i + 1 = 4*i. Let d = 8 - i. List the prime factors of d.
7
Let y be 1/(3/9) - 0. Let l = y + -5. Let f = l - -9. List the prime factors of f.
7
Let d be 2/3 + 14/(-21). Suppose -4*c + 3*o + 84 = d, 105 = 5*c + 5*o - 0*o. What are the prime factors of c?
3, 7
Let y be (-810)/(-20)*(-2)/(-3). Suppose x + 2*x - 2*u = y, x + 3*u - 9 = 0. What are the prime factors of x?
3
Let u be (-3)/(((-36)/(-8))/3). What are the prime factors of u/(-7) + 355/7?
3, 17
Suppose -2*d + 3*d = 4*w - 11, -3*d + 5*w = 5. Suppose d*k + 0*k = 25. What are the prime factors of k?
5
Suppose 0 = 4*y - 218 - 34. What are the prime factors of y?
3, 7
Suppose 2*q + 4*s - 460 = 0, 2*q = -12*s + 7*s + 461. What are the prime factors of q?
2, 3, 19
Let k be 42/10 + (-3)/15. Suppose 2*i - b = 2 + 4, k*b - 8 = 0. Suppose i*j = 35 + 9. List the prime factors of j.
11
Let c = 15 - 15. Suppose 0 = -q + 3*t + 12, 3*q - 2*t = -5*t. Suppose q = -c*d + d. What are the prime factors of d?
3
Suppose -3*w + 2*z + 5 - 3 = 0, -2*w + 5*z + 5 = 0. Suppose 2*k - 3*k + 29 = w. List the prime factors of k.
29
Let n(w) = -5*w**2 + w + 12. Let t(d) = -4*d**2 + d + 11. Let q(o) = 3*n(o) - 4*t(o). What are the prime factors of q(7)?
2, 17
Suppose -2*g = -2*i - 97 - 189, i = -g + 151. List the prime factors of g.
3, 7
Let z(h) = h**3 - 3*h + 4. List the prime factors of z(0).
2
Let u = 65 - 34. List the prime factors of u.
31
Suppose -9*c - 225 = -12*c. What are the prime factors of c?
3, 5
Let s(v) = 2*v - 9. Let x be s(7). Suppose 0 = -4*c + x*d + 171 - 22, -5*d = 5*c - 175. List the prime factors of c.
2, 3
Let l(u) = 4*u**2. Let x be l(-1). Suppose 0 = -3*z + 5*s + 15, z - x*z + 15 = -4*s. What are the prime factors of z?
5
Let t = 101 - 72. What are the prime factors of t?
29
Let q be 4/10 + (-54)/10. Let y = -3 - q. Suppose -l - 6 = -d, -y*d - 6*l + 6 = -2*l. List the prime factors of d.
5
Let l(i) = 0*i**2 + 0*i**3 - i**3 - 7*i**2 + 1 + 8*i + 6. What are the prime factors of l(-8)?
7
Let p(r) = -r - 1. Suppose 3*i = -3*y + 35 + 4, 3*y + 52 = 4*i. Let o = i + -18. What are the prime factors of p(o)?
2
Let k = 63 + -43. List the prime factors of k.
2, 5
Let r(d) = d**2 + 10*d + 5. What are the prime factors of r(-15)?
2, 5
Suppose -2*h + 36 = -384. List the prime factors of h.
2, 3, 5, 7
Let d(s) = -2*s - 6. Let k(q) = -2*q - 5. Let l(b) = 6*d(b) - 7*k(b). Let g be l(3). Suppose p - 2 = -v, g*p + v - 22 = -0*v. What are the prime factors of p?
5
Let m(v) = 3*v - 7. Let l(t) = 1. Let k(z) = 5*l(z) + m(z). Let j(o) = o. Let a(i) = 4*j(i) + k(i). List the prime factors of a(3).
19
Let k be -5 + 2 - (-4 + -1). Suppose 33 = k*n + n. What are the prime factors of n?
11
Let n(s) = -s**3 - 11*s**2 - 11*s. Let p(i) be the second de